digit of h?
8
Let p = 7 - -137. What is the units digit of p?
4
Suppose -4*w = 3*m - 723 - 179, -m - w = -301. What is the units digit of m?
2
Suppose -4*w = 3*n - 0*n - 736, 0 = -5*n + 4*w + 1216. What is the tens digit of n?
4
Let g(h) = h**2 + 3*h - 4. Let s be (-14)/77 - (-106)/(-22). What is the units digit of g(s)?
6
Let i be 12/9*(2 - 8). Let r = -1 - i. What is the units digit of r?
7
Suppose -27 - 39 = -4*v + 2*w, -4*v + 69 = -5*w. Let p be (v/3)/((-4)/(-6)). Suppose -3*x + 26 = p. What is the units digit of x?
6
Let j = 73 - 42. What is the units digit of j?
1
Let u be 1/(1 - (-4)/(-5)). Suppose -24 = -u*b + 2*b. What is the units digit of b?
8
Suppose 2*d - 3*g = -14, d + 2*g - 9 = -2. Let v be ((-10)/25)/(d/(-20)). Let i(c) = c**2 + 6*c - 6. What is the units digit of i(v)?
0
What is the units digit of (1 - (-41)/(-5))/(21/(-280))?
6
Let d(q) = q**2 + q - 14. What is the tens digit of d(-8)?
4
Let t = 248 - 159. What is the units digit of t?
9
Let m = 2 + -2. Let z = -2 + m. What is the units digit of (5 - (z - -2))/1?
5
Let v be 2/(-9) - (-822)/54. Suppose -v = -2*f - 5*u, f + 1 + 4 = -5*u. What is the tens digit of f?
2
Suppose -2*w = -5*w + r + 14, 2*w = -r + 11. Let j = -6 + 4. Let s = w + j. What is the units digit of s?
3
Suppose a - 2*f = -a - 26, 67 = -5*a + 3*f. Let b = a - 2. What is the units digit of b/10*15/(-6)?
4
Let p be (-1)/(-1)*(5 + 4). Let k be 78/p + (-4)/6. Suppose -2*f + k = -4*o, 2*o + 0*o = 2*f - 10. What is the units digit of f?
6
Let m(z) = z - 6 - 1 + 2 + 3. What is the units digit of m(7)?
5
Let f = 1 - 0. Let c be 4/(-10)*(f - -4). What is the units digit of ((-3)/(-6))/(c/(-8))?
2
Let w(u) = u**3 - 2*u**2 + 2*u + 1. What is the units digit of w(3)?
6
Let b = -230 - -325. What is the tens digit of b?
9
Let h(y) = -4*y + 1. Let a be h(-2). Let q(w) = -w**2 + 7*w - 10. Let k(u) = 2*u**2 - 13*u + 19. Let t(o) = -3*k(o) - 7*q(o). What is the units digit of t(a)?
4
Let i be ((-27)/12 + 1)*-4. Let k = i + -2. What is the units digit of k?
3
Let w = -47 - -79. What is the tens digit of w?
3
Suppose 9*o = 12*o - 198. What is the units digit of o?
6
What is the hundreds digit of (-252)/9*26/(-4)?
1
Suppose 5*w = -3*p + 103, -6*w - 4*p + 104 = -w. Let l = 8 - 14. Let h = l + w. What is the tens digit of h?
1
Let i(g) = -g**3 + g**2 - g + 12. What is the tens digit of i(0)?
1
Let n be (-4)/((-2 - 0)/2). Let a(x) = -x**2 + 5*x + 3. What is the units digit of a(n)?
7
Let r(f) = -f**3 + 9*f**2 + 16*f + 8. What is the units digit of r(9)?
2
Suppose 6 = 2*i + 2. What is the units digit of (-105)/(-14) - i/(-4)?
8
Let i(z) = -6*z + 5. Let c be i(-4). Let p be 0 - (-6 - -4)/((-4)/34). Let f = c + p. What is the units digit of f?
2
Suppose -5*o + 5 = 0, 2*s - o = -6*o + 1. Let x be 5 + -4 + (-82)/s. Suppose 4*u = u + x. What is the tens digit of u?
1
Let z(g) = 3*g**2 + 3*g - 4. Let y be z(-3). What is the tens digit of ((-136)/(-14))/(4/y)?
3
Let c = -8 - -10. Let m = c + -7. What is the units digit of 3/((-6)/2) - m?
4
Let k(n) = n**2 + n + 4. Let b = -4 - 1. What is the tens digit of k(b)?
2
Suppose -5*z + 2*b - 266 = 0, -2*b - 204 = 4*z - 2. Let f = z + 77. What is the tens digit of f?
2
What is the units digit of ((-1)/3)/((-2)/54)?
9
Suppose -f - q + 9 = 0, 0*q + 5*q = 2*f - 39. Suppose 4*h = 72 - f. What is the units digit of h?
5
Let k(a) = a**3 + 7*a**2 - a - 7. Let w be k(-7). Let b = w - -4. Suppose -b*x + 4 + 17 = 3*u, 9 = 3*u. What is the units digit of x?
3
Let j be (-91)/(-14) + (-9)/6. What is the tens digit of 4/10 + 108/j?
2
Let c = -537 - -764. What is the tens digit of c?
2
Suppose 0*p + 5*p = 2*f - 146, -4*f = -2*p - 260. What is the units digit of f?
3
What is the units digit of (10 - 12) + 1/((-1)/(-211))?
9
Let g(w) be the first derivative of w**2 - 8*w - 3. What is the units digit of g(6)?
4
What is the units digit of 4*5/((-56)/36 - -2)?
5
Let n(i) = i + 77. Let o be n(0). Suppose -5*r + o = -w, 0 = -4*r - w - 2*w + 73. What is the tens digit of r?
1
What is the units digit of (4 - (-7)/(-2))*2?
1
Suppose 4*j = -37 - 11. What is the units digit of 3/j + (-73)/(-4)?
8
What is the units digit of 9/6*114/9?
9
Let m = 24 - 17. Suppose 3*f - 2 = m. Suppose h - 2 = f. What is the units digit of h?
5
Suppose -4*q = -2*p - 10 + 34, -3*p - 4*q = 14. Suppose -a - 13 = -p*a. What is the tens digit of a?
1
Suppose -l = 4*r - 300, -l = -4*r - 0*l + 300. What is the units digit of r?
5
Let d = 0 + 17. Let b = d - 0. What is the units digit of b?
7
Suppose 5*b = 2*f - 28, f + 2*b = -b - 8. Suppose 0*u = 5*z - u - 30, -4*z + f*u = -24. What is the units digit of z?
6
Let i(q) = q**2 + 4*q. Let o(d) = -d**3 - 6*d**2 + d + 2. Let s be o(-6). Let r be i(s). Suppose r = 4*w - 6 - 26. What is the units digit of w?
8
What is the units digit of 2/(-6) + (-52)/(-3)?
7
What is the tens digit of (5/((-5)/(-3)) - -31) + 1?
3
Suppose -1254 = -29*p + 23*p. What is the hundreds digit of p?
2
Suppose r + 3*s - 104 = s, -2*s = 4*r - 416. What is the units digit of r?
4
Let x(z) = z**2 + 4*z + 1. Let g be x(-5). Suppose 0 = 3*j + 2*j - 5. Let q = j + g. What is the units digit of q?
7
What is the units digit of ((-33)/6 - -5)*-580?
0
Suppose 2*u - 10 = -0*u. Suppose -64 = -u*s - 3*z + 53, 0 = -3*z - 3. What is the units digit of s?
4
Let k = 67 - 38. Let d = 35 - 15. Let g = k - d. What is the units digit of g?
9
Suppose 0*c + 64 = 2*c. What is the units digit of c?
2
Let m(p) = 9*p**3 - p**2 - 5*p + 2. What is the units digit of m(2)?
0
Let z = 19 + -14. Suppose -z*g - 3*b = -161, 5*g + 100 = -2*b + 264. What is the tens digit of g?
3
What is the tens digit of 530/5 - (-1 - 2 - -6)?
0
Let q(v) = 7*v - 3. Let y be q(6). Suppose -3*t = -4*p - t + 36, 5*p = t + y. What is the units digit of p?
7
Suppose -4*l = -2*l - 6. Suppose 28 = p + l*d, -d + 3*d + 8 = 0. What is the units digit of p?
0
Let y(u) = u**2 + 5*u + 4. Let l be y(-4). Let f(a) be the second derivative of a**4/12 - a**3/6 + 2*a**2 - a. What is the units digit of f(l)?
4
Let y(g) = -5*g - 1. Let w be y(-1). Suppose -5*j + 5*b + 135 = 0, -5*j - w*b + 5*b + 119 = 0. What is the tens digit of j?
2
Suppose 3*p + 5*m = 70, 2*p + 2*m = 6*m + 32. What is the tens digit of p?
2
Let g(c) = 12*c - 1. Let p be g(-1). Let f = -8 - p. What is the units digit of f?
5
Let t(u) = -4*u**3 - 3*u**2 - u + 3. Let h(p) = 8*p**3 + 7*p**2 + 2*p - 7. Suppose -d = -5 - 2. Let m(g) = d*t(g) + 3*h(g). What is the units digit of m(-1)?
5
Let b(c) = -c**2 - 7*c + 1. Let t be -3 - (-4)/(1 + -3). Let q be b(t). Suppose -29 = -3*n - q. What is the units digit of n?
6
Suppose 7*f - 15 = 6*f. Suppose -i = 2*i - f. What is the units digit of i?
5
Let w(i) = 17*i**2 - 2. What is the tens digit of w(-2)?
6
Suppose -273 - 555 = -9*v. What is the tens digit of v?
9
Let p be 6*5/(15/2). Suppose -5*q + 18 = -p*q. What is the units digit of q?
8
Suppose -3*a = 7*z - 2*z - 92, -3*a + z = -104. What is the units digit of a?
4
What is the units digit of 9 + -4 - (-1 - 1)?
7
Suppose 54 = 2*p - 2*k, 0*p + p + k = 37. What is the tens digit of p?
3
Suppose 19*u = 20*u - 26. What is the tens digit of u?
2
What is the tens digit of 2/(-7) + ((-43440)/(-28))/5?
1
Let t be 2/(-4)*6/(-3). Let o = -12 - t. Let k = 18 + o. What is the units digit of k?
5
Let i = -11 - -15. Suppose 0 = -i*z - 32 + 192. What is the units digit of z?
0
Let a = 27 - 14. Let y = 28 - a. What is the units digit of y?
5
Suppose 0 = 3*f + f - 64. Suppose -f = -b + 12. Let a = b + -20. What is the units digit of a?
8
Let i(q) = q + 5. Let s(x) = -x - 4. Let k(t) = 6*t**3 + t**2 + t + 1. Let a be k(-1). Let r(o) = a*s(o) - 4*i(o). What is the units digit of r(2)?
2
What is the units digit of (27/(-45))/(2/(-30))?
9
Suppose -5*c = -6 + 1. Let d(q) = -29*q**2 - 11*q - 7. Let z(n) = -14*n**2 - 5*n - 3. Let h(p) = 4*d(p) - 9*z(p). What is the units digit of h(c)?
0
Let o = 3 + -2. Suppose 5*v + o = 6. What is the units digit of v?
1
What is the units digit of 2 - 1 - (-3 - -1)?
3
Suppose z + f = -2, z = -4*z + 2*f + 25. Let p(y) = y - 7. Let l be p(5). Let h = l + z. What is the units digit of h?
1
Suppose 24 = 3*z - z. Let b be ((-1)/2)/((-2)/(-8)). Let i = z + b. What is the units digit of i?
0
Let a(r) = -18*r + 60. What is the tens digit of a